 g.
2, 3
Suppose -7*t + 19*t = 144. Let q(n) = 5*n - 12. Let a be q(t). Suppose a*d - 664 = 44*d. What are the prime factors of d?
2, 83
Let x = 3441 - 1497. Suppose -6*d + 990 = -x. List the prime factors of d.
3, 163
Let x(n) = n + 9. Let r be ((-3)/4)/(2/(13 + -5)). Let t be x(r). What are the prime factors of ((-15)/t*-10)/1?
5
Suppose 0 = 5*u - 3*p - 30, 5*u - p - 14 = 2*u. Suppose -4*i - i + 167 = 4*k, -u*i - 111 = -2*k. What are the prime factors of k/(-4)*(-5)/2?
2, 3, 5
Let g(u) = u**2 - 9*u + 20. Let o be g(11). Suppose o = 2*a - 338. Suppose 3*z - 309 = -2*m, 0 = -2*z + 4*m - 0*m + a. What are the prime factors of z?
101
Suppose -7*y - 4*y - 31051 = -95104. What are the prime factors of y?
3, 647
Suppose 2*m + 5605 = 4*m - 35683. List the prime factors of m.
2, 13, 397
Let m(r) = r**2 - 11*r + 25. Let v be ((-9)/2)/((-69)/184). Let z be m(v). Let o = 41 - z. What are the prime factors of o?
2
Let r(t) = t - 4. Let i(v) = v - 5. Let u(m) = -5*i(m) + 6*r(m). Let l be u(3). What are the prime factors of ((-2)/l)/((-2)/12)?
3
Let l(y) = -2*y**3 - 6*y**2 + 5*y + 9. Let t be l(-5). Suppose 8*a - 4*a + t = 0. Let d = -7 - a. What are the prime factors of d?
2, 7
Suppose 21*v - 4*j + 61803 = 22*v, 3*j = -5*v + 308947. What are the prime factors of v?
11, 41, 137
Let b(f) = -2*f**2 - 11*f + 1. Let h be b(-6). What are the prime factors of h + -73*(5 + -6)?
2, 17
Let g(o) be the second derivative of -18*o**3 - 78*o**2 - 69*o. What are the prime factors of g(-5)?
2, 3
Suppose -7 = -d + 3*a, -a = 5*d + 3*a - 16. Suppose 6*f = d*v + 2*f - 1892, 0 = 2*v - 5*f - 949. What are the prime factors of v?
2, 59
Suppose 0 = -17*x - 34762 + 1274657. What are the prime factors of x?
5, 29, 503
Let y = 99682 + -61129. What are the prime factors of y?
3, 71, 181
Let u be ((-5)/2)/((-14)/28). Suppose u*l - 163 = -2*n, -n - l + 159 = n. What are the prime factors of n?
79
Let m be 11/((-44)/40)*9/(-15). Let z(a) = -13*a**2 + 12*a - 8. Let y(w) = 38*w**2 - 36*w + 23. Let s(r) = m*y(r) + 17*z(r). List the prime factors of s(-4).
2, 3
Suppose -12*w + 3*w + 828 = 0. Let n be ((2 - 2) + -1)*-7. Let b = w + n. List the prime factors of b.
3, 11
Let l(s) = -1400*s + 1105. What are the prime factors of l(-13)?
3, 5, 11, 13
Let j = 20 + -17. Suppose -4*l = 6*o - 4*o - 20, -6 = -j*o + 2*l. Suppose -o*u = -3*u - 4*d - 109, 3*d - 12 = 0. List the prime factors of u.
5
Let w(o) = o**2 - 23*o + 220. Let j be -2 + -1 - (-4 + (27 - 2)). List the prime factors of w(j).
2, 337
Let l be ((-288)/(-120))/((-1)/(-20)). Suppose l = o - 57. List the prime factors of o.
3, 5, 7
Suppose -92498 - 13290 = -19*m - 14379. List the prime factors of m.
17, 283
Let l(u) = u**3 - 11*u**2 + 12*u + 14. Let b = -136 + 129. Let q be (-1 + (b - -5))*(-10)/3. What are the prime factors of l(q)?
2, 17
Let p(h) = -h**2 - 8*h + 4. Let w be p(-8). Let g be 11 - (-6 - (2 - w)). What are the prime factors of (-200)/(-3)*18/g?
2, 5
Suppose -4*w = -4*z - 2*w + 64, -2*z = 5*w - 32. Suppose 0 = 23*l - z*l + 1932. Let n = l + 532. What are the prime factors of n?
2
Let x = -44 + 68. Let w = 25 - x. Let l(a) = 51*a**2 + a - 2. List the prime factors of l(w).
2, 5
Suppose 4*i + w = 10, -5*w + 8 - 3 = 5*i. Suppose -3*t - i*l - 648 = 0, t + 2*l = -4*t - 1068. Let x = 381 + t. List the prime factors of x.
13
Let f = -19 - -36. Suppose -20*h + 156 = -f*h. Let w = h + -20. List the prime factors of w.
2
Let d(y) = 308*y**2 + 1374*y - 2748. What are the prime factors of d(2)?
2, 7, 11
What are the prime factors of (30814/(-4))/((-15)/(-210)*-7)?
7, 31, 71
List the prime factors of (-632)/((-3)/(396/24)).
2, 11, 79
Suppose -j + 763 - 969 = 0. Let o = 502 + j. What are the prime factors of o?
2, 37
Suppose 0 = b + 1, 2*n + 2*b - 33199 - 10239 = 0. List the prime factors of n.
2, 3, 5, 181
Let i(h) = -h + 4. Let a be i(5). Let w be (a - 1) + 89 + 2. Let d = 2 + w. List the prime factors of d.
7, 13
Let g = -1222 + 4333. List the prime factors of g.
3, 17, 61
Suppose -5061*v + 5113*v - 4035876 = 0. What are the prime factors of v?
3, 41, 631
Let w be -10*(-10)/24 + (-1)/6. Suppose 0 = -3*b + 5*a + 196, w*a - 3*a + 64 = b. Let u = b + 16. What are the prime factors of u?
2, 3, 13
Let m = 108 + -317. Let a = m + 265. List the prime factors of a.
2, 7
Let x = -33 - -45. Suppose -x = -4*f - 20. What are the prime factors of (-207)/f + 3/6 + 4?
2, 3
Let z be 11*((1 - 4) + 44). Let i = 840 - z. List the prime factors of i.
389
Let i = -100 - -100. Suppose i*w - 2*s - 1773 = -5*w, s - 1 = 0. List the prime factors of w.
5, 71
Let n(o) = 127*o**2 - 140*o + 37. List the prime factors of n(5).
2, 157
Suppose 5*x + 5*w = 42620, 4*w = w + 7*w. What are the prime factors of x?
2, 2131
Let v(c) be the third derivative of -13*c**4/24 - 2*c**3/3 - 5*c**2. Let p be v(-2). Suppose 0 = -4*d + 286 - p. What are the prime factors of d?
2, 3, 11
Let u(j) = 2*j**3 - 21*j**2 - 80*j - 50. What are the prime factors of u(24)?
2, 6791
Suppose 13 - 11 = 2*u. List the prime factors of u - -435 - (20 - 19).
3, 5, 29
Let u be -2 - 34/(-10) - 9/(-15). Suppose 0 = u*t + 2*o - 782, 4*t - 2*t = -3*o + 780. What are the prime factors of t?
3, 131
Suppose 67*n = 64*n - m + 40786, -m = 2*n - 27189. What are the prime factors of n?
13597
Suppose -25*m + 15*m + 11*m = 29450. What are the prime factors of m?
2, 5, 19, 31
Let d = -223 + 453. Suppose -d*l + 241*l = 15840. What are the prime factors of l?
2, 3, 5
Let p(h) = 627*h**2 + 28*h + 94. List the prime factors of p(7).
31013
Let l = -3460 - -2050. Let q = l - -2357. What are the prime factors of q?
947
Suppose -2*w = 3*p + 1039, 3*p + 1045 = 5*w - w. Let d(j) = 2*j**3 - 4*j**2 - 10*j + 22. Let o be d(-6). Let g = p - o. List the prime factors of g.
3, 7
Let m(f) = f**2 + 7*f + 7. Let b be m(-5). Let k(u) be the third derivative of -13*u**4/24 - 7*u**3/6 + 27*u**2 - 2*u. List the prime factors of k(b).
2
Let z be 1471/4 + 5 - (-2)/8. Let i = z - 115. Let j = i + -129. List the prime factors of j.
3, 43
Let h(l) = 24*l**2 + 11*l - 152. What are the prime factors of h(11)?
13, 17
What are the prime factors of (-645)/(-3010) - (-290774)/28?
5, 31, 67
Suppose 0 = -2*k - 93*i + 88*i + 147253, -220992 = -3*k + 5*i. What are the prime factors of k?
47, 1567
Suppose 0*h - 3*h = -735. Suppose -5*n = -3*d - 30, 5*n + 3*d - 30 = -0*n. Suppose n*x - 403 - h = 0. List the prime factors of x.
2, 3
Let h(i) = 11*i**2 + 112*i + 120*i - 236*i - 5. What are the prime factors of h(-3)?
2, 53
Suppose 5*a - 5*o = 40, -10*a - 2*o + 28 + 4 = 0. Let p(g) be the first derivative of -g**4/4 + 2*g**3 + 7*g - 1. List the prime factors of p(a).
3, 13
Suppose -9 = -4*q - 13. Let t be ((-1)/(-2))/(q/((-632)/4)). Suppose -u - 5*p = -t, -5*u + 4*p + 445 = -66. What are the prime factors of u?
3, 11
Let m be -1678*15/10*(-5)/15. Suppose 3*g - 238 = -2*d + g, -3*g = -5*d + 611. Suppose -m = -4*q + d. List the prime factors of q.
2, 3, 5
Suppose 5 = -8*o + 5. Let k be 3 - (o/(-3) - -1). Suppose 0 = -k*q + 2*p + 246, -5*p - 91 = -q + 32. What are the prime factors of q?
3, 41
Let k(x) = -x**3 + 25*x**2 - 44*x - 55. Let v(y) = y**3 + 18*y**2 + 3*y + 76. Let o be v(-18). List the prime factors of k(o).
3, 11, 13
Let h(v) = 13*v + 99. Let p be h(-7). Suppose 3*o = -3*c + 54, -p*c - 52 = -11*c - 2*o. What are the prime factors of c?
2
What are the prime factors of (-14)/16 + (-28466223)/(-1608)?
2, 53, 167
Let u(d) = -3*d + 50. Let x be u(22). Let h = x - -313. What are the prime factors of h?
3, 11
Let n(q) be the second derivative of q**5/5 - q**4/4 - 10*q**3/3 - q**2 - 2*q - 11. List the prime factors of n(5).
17, 19
Suppose -3*q + 2*q - v = -4, 5*q - 20 = v. What are the prime factors of (-1)/(q + -1) - (-842)/6?
2, 5, 7
Let p(o) = o**2 - 11*o + 21. Let u be p(9). Suppose 19*m - 12432 = u*m. List the prime factors of m.
3, 7, 37
Suppose -4*y - 124 = -3*q - 0*q, 3*q = 0. Let d = -218 - y. What are the prime factors of ((-99)/21 - -5) + d/(-7)?
3
Let v(l) = -138*l - 243. Let y be v(-9). Suppose 294*k + y = 297*k. List the prime factors of k.
3, 37
Let q(o) = 6*o**2 + 28*o + 30. Suppose -3*j - 25 = z - 6, -4*j - 26 = z. List the prime factors of q(j).
2
Suppose 5*r - i + 5*i - 464 = 0, -i = r - 92. Suppose -r = -9*c + c. List the prime factor